t y(t) = -t**2 + 8*t + 10. Let o(u) = 2*a(u) + 5*y(u). Let m be 340/(-35) - 4/14. What is the units digit of o(m)?
2
Let u = 5 + -1. Suppose 3*p + u = 13. Suppose t - p = 17. What is the units digit of t?
0
Let o = -15 - -5. Let k = o - -65. What is the tens digit of k?
5
What is the hundreds digit of -2*3/2 - (36 + -505)?
4
Let l(t) = 3*t**2 + 11*t - 13. Let n be l(-6). Let m = 28 + n. What is the units digit of m?
7
Let d(y) = 15*y**3 + 2*y**2 - 8*y + 41. What is the hundreds digit of d(6)?
3
Suppose 374 = t - 1030. What is the tens digit of -2 + (-2 - -4) + t/9?
5
Suppose 37*g - 81*g + 83204 = 0. What is the hundreds digit of g?
8
Suppose -10 = 5*b, -n + b = -0*n - 9. Suppose l - 106 = -n. What is the tens digit of l?
9
Let s(d) = -d**3 + 9*d**2 + 14*d - 8. Let n be s(10). Let q = 47 - n. Suppose -3*h + 12 + q = 0. What is the units digit of h?
9
Let f(q) = 38*q - 6. Let v(u) = 39*u - 6. Let t(m) = -6*f(m) + 5*v(m). What is the units digit of t(-3)?
5
Suppose 0 = 5*t - 4*t. What is the units digit of 2 + 2 + t - -54?
8
Suppose -y = 3*h - 3652, 5*h - 7*h + y + 2443 = 0. What is the units digit of h?
9
Let x = -172 + 607. What is the units digit of x?
5
Suppose 3*z = 3*s + 207, 0 = -3*z + 4*z - 4*s - 81. Let h = z + 104. What is the tens digit of h?
6
Let n = -6 + 8. Suppose -10 = -0*x - n*x. Suppose -x*u + 13 = -p, -5*p - 4*u = -0*u - 22. What is the units digit of p?
2
Let d(s) = -2*s**3 + 12*s**2 + 33*s + 17. What is the hundreds digit of d(-5)?
4
Let b be -2*(-4)/(-8)*31. Let u = b - -79. What is the units digit of u?
8
Suppose 10*j = 46*j - 8892. What is the hundreds digit of j?
2
Let g = 83 - 17. Suppose 0 = 4*l - 2*q - 64, 2*q = -4*l + 3*q + g. What is the units digit of l?
7
Let n = 1087 + -1058. What is the tens digit of n?
2
Suppose -12 - 8 = 5*j, -4*p + 2*j = -5112. What is the hundreds digit of p?
2
Suppose -f = j - 277 - 108, -j + 400 = 4*f. What is the tens digit of j?
8
Let z = -522 - -781. What is the hundreds digit of z?
2
Let w(j) = 3*j**2 + 33*j + 15. Let b(f) = -f**2 - 11*f - 5. Let s(p) = -17*b(p) - 6*w(p). What is the units digit of s(-10)?
5
Suppose -63 = -2*l + 25. What is the units digit of l?
4
Let o(d) = 4*d + 21. Let m be o(-6). What is the tens digit of (12/m - 0)*-29?
1
Let i(d) = 20*d**2 + 13*d - 100. What is the units digit of i(-17)?
9
Let n(f) = 16 + 8*f + 4*f + 2*f. What is the units digit of n(5)?
6
Let w(v) = -v**3 + 5*v**2 - 3*v + 1. Let d be w(4). Suppose 5*u - 8 = 3*u. Suppose -u = -z + d. What is the units digit of z?
9
Let s(z) = -7*z - 5. Suppose 2*w - 4 - 6 = 0. Suppose o - 4 + 6 = d, w*o = -4*d - 55. What is the tens digit of s(o)?
4
Suppose 166 = 4*f - 6*f. Let o = 118 - f. What is the units digit of o?
1
Suppose 0 = 3*m + 2*m - u - 12, -5*m = -4*u - 3. Suppose 4*x + a = 17, -m*a - 10 = -5*x - 2*a. Suppose -x*w + 25 = 7. What is the units digit of w?
6
Let y be (-2)/(4 - 9 - (-2 - 1)). Let k(j) be the first derivative of 2*j**3 - j**2/2 + j + 1. What is the units digit of k(y)?
6
Let g(c) = -c**3 - 4*c**2 + 17*c + 56. What is the units digit of g(-11)?
6
Suppose -2*d = d - 30. Let x = d - 10. Suppose x*l = 4*l - 68. What is the tens digit of l?
1
Let q(l) = l**2 - 8*l + 22. Let g(a) = -a + 3. Let p be g(-4). Let y be 11/(-3 + (p - 3)). What is the units digit of q(y)?
5
Suppose t = b + 105, -t - 415 = -5*t - b. What is the units digit of t?
4
Let u = -232 - -355. Let y = 25 + -97. Let p = u + y. What is the tens digit of p?
5
Let u(g) = 11*g**2 + 3*g - 2. Let w be u(3). Let z be w/8 + 3/4. Suppose -z = -3*y + 1. What is the units digit of y?
5
Let x(v) = -v**3 + 4*v**2 + 8*v - 4. Suppose 4*d = 3*y - 103, 10*y - 166 = 5*y + d. Suppose -5*o - 4*p = -9, 3*p - p = 5*o - y. What is the tens digit of x(o)?
1
Let v(r) = -23*r**3 - 2*r**2 + 4*r - 3. Let s be v(1). What is the units digit of ((-174)/(-4))/((-4)/s*3)?
7
Suppose 6*i - 3770 = 8824. What is the units digit of i?
9
Suppose 4133 = -15*s + 21398. What is the hundreds digit of s?
1
Suppose 5*v - 408 = v. Suppose 34 = 2*p - 2*u - 14, 4*p - v = -2*u. What is the units digit of p?
5
Let t(j) = 2*j - 17. Let z be t(6). Let k be (z/2)/((-5)/12). What is the units digit of ((-153)/(-12))/(k/16)?
4
What is the tens digit of 10204/34 + 74/(-629)?
0
Suppose -3*z = 3*a - 399, -3*z + z - 5*a + 263 = 0. What is the hundreds digit of z?
1
Suppose 0 = -7*n + 671 + 687. Let c = n - 121. What is the units digit of c?
3
Suppose 27 = 3*a - 225. Suppose 3*g = 5*g - a. What is the units digit of g?
2
Let i = 20 - -4. Suppose -26*w = -i*w. Suppose -4*v + 0 + 4 = w. What is the units digit of v?
1
Let f(z) = -z**3 - 4*z**2 + 6*z + 8. Let n be 4/10 - 192/30. Let h be f(n). Suppose q + h = 3*q. What is the units digit of q?
2
Let g = 181 + -166. Let q be (3 + -1)/(2/3). Suppose -4*h = -3*n - 41, 0*n + g = q*n. What is the units digit of h?
4
Let h(d) be the second derivative of 2*d**4 + d**3/6 + 3*d**2 + d. Let t be h(-6). What is the tens digit of ((-1)/(-3))/(9/t)?
3
Suppose 4*x = -3*k + 3667, -x + 5*k + 482 + 429 = 0. What is the units digit of x?
6
Let u = 69 + -70. What is the units digit of (-89)/(-1) + (-10)/5*u?
1
Suppose 10 = -2*t + 338. What is the units digit of t?
4
What is the units digit of 2/9 + (4 - (-52044)/54)?
8
Let h be (0*(-5)/(-10))/1. Suppose 25*i - 23*i - 556 = h. What is the hundreds digit of i?
2
Let l = 55 - 52. Suppose -44 = -h - h - l*m, -h - 4*m = -22. What is the tens digit of h?
2
Suppose -5*l - 52 = -67. Suppose -4*n + l*n = 5*q - 562, 0 = 2*q - n - 222. What is the units digit of q?
2
Let k(w) = -2*w**2 - w. Let d be k(-1). Let s be (11 - d)*348/24. Suppose m - s = -5*m. What is the units digit of m?
9
Let q(g) = g**2 + 4*g - 11. Let v be q(-5). What is the units digit of (-212)/(-6)*v/(-4)?
3
Let i(r) = -5*r - r + 1 + 6*r**2 + 2 + 1 - r**3. Let n be i(5). What is the units digit of -3 + 7 + n + 1?
4
Suppose 16*s = -1188 + 14548. What is the hundreds digit of s?
8
Let y(f) = 879*f**2 + 27*f - 56. What is the units digit of y(2)?
4
Let a = -2 - -8. Suppose -a*u = -2*u - 24. Suppose l = s, -3*s + u*s - 2*l = 5. What is the units digit of s?
5
Suppose 0 = 5*p - 3*p - 58. Let z be (-6 - 9/(-3))*-17. Let y = z - p. What is the tens digit of y?
2
Let k = 0 - 33. Let u = 37 - k. What is the units digit of u?
0
Let z be 1 + (-4)/12*-3. What is the units digit of z/3 + (-45)/27 + 95?
4
What is the units digit of (-2)/((-18)/477) + -1 + 5?
7
Let b be (3/(-2))/((-828)/824 - -1). Suppose 0*p - 3*p = 3*s - b, 531 = 5*s + p. What is the units digit of s?
7
Let a(m) = 12*m + 234. What is the units digit of a(32)?
8
Suppose -4*c - 111 = -7*c. Suppose 2*t = 6*t - v + c, 2*v = 5*t + 44. Let m(p) = -4*p. What is the tens digit of m(t)?
4
Let g(n) = -6*n + 428. What is the tens digit of g(0)?
2
Suppose -6*y = -15*y + 2898. Suppose -3*g - 4*i - i + y = 0, 2 = -2*i. What is the hundreds digit of g?
1
Let n(f) = -460*f - 848. What is the thousands digit of n(-6)?
1
Let b = 3999 - 7151. Let c = b + 1826. What is the units digit of (-8)/44 + c/(-33)?
0
Let w(x) = -x**3 - 9*x**2 - 8*x + 7. Let r be w(-8). Let i = -13 + 25. Suppose r*f = i*f - 70. What is the tens digit of f?
1
Let u = -80 - -84. Suppose 2*y = -3*s + 219, u*s - s - 4*y - 219 = 0. What is the units digit of s?
3
Let w = -75 + 103. What is the units digit of w?
8
Let i = 1184 - 935. What is the tens digit of i?
4
Let l(m) = 2*m**3 - 6*m**2 + 7*m - 3. Let z be l(5). Suppose -2*h - 2*h = -z. Suppose -h - 7 = -b. What is the tens digit of b?
4
Let k = -82 - -825. What is the units digit of k?
3
Suppose h + 3 = -4*s, -5*s = -2*h - 3*s + 14. Let x = 1474 + -1471. Suppose 5*v = -h*z + 140, 0*z - z = -x*v - 12. What is the tens digit of z?
2
Suppose -m + 45 = -g, -2*g = -3*m + 112 + 25. What is the tens digit of m?
4
Let l = 1863 - 794. What is the thousands digit of l?
1
Let a = 80 + 428. What is the units digit of a?
8
Suppose -5*t - 4*n + 17 = 0, -5*t + 2*n = -19 - 10. Let l(z) = 2*z + 17. What is the units digit of l(t)?
7
Let b = 29 - 19. Suppose 0 = a + b + 1. What is the units digit of 4*(-2)/4 - a?
9
Let u(x) = x**3 + 11*x**2 - 89*x - 26. What is the units digit of u(-14)?
2
What is the hundreds digit of (-644 - -8)*9/(-12)?
4
Suppose -5*a = w - 0*w - 101, -2*a - w + 38 = 0. Let d be ((-612)/(